, -4*n - l + h + 205 = 0. What are the prime factors of n?
2, 3
Suppose -6*h - 5826 + 16308 = 0. What are the prime factors of h?
1747
Suppose -2*l - 265 = -63. Let j = 155 + l. What are the prime factors of j?
2, 3
Let a be 18 + 2/(-2) + -2. Let y = -22 + 25. Suppose a = y*m - 30. List the prime factors of m.
3, 5
List the prime factors of 2/8 + 36771/68.
541
Let m(j) be the first derivative of j**2/2 - 4*j - 2. Suppose -4*o + 12 = -20. What are the prime factors of m(o)?
2
Let v = -831 - -1603. List the prime factors of v.
2, 193
Let l = -1986 + 3483. List the prime factors of l.
3, 499
Let k be (416/(-40))/(2/(-5)). Suppose -2*c + k = -2*j + 2*c, 5*c - 61 = 4*j. Let u = j - -38. List the prime factors of u.
19
Suppose 3*y - 50 = -2*y. Let x = y - 4. Let d(o) = 4*o + 14. List the prime factors of d(x).
2, 19
Let l(k) = -3*k**3 + 23*k**2 + 6*k - 7. List the prime factors of l(6).
11, 19
Let y = 841 - -652. What are the prime factors of y?
1493
Suppose -13*p + 8*p + m + 387 = 0, 0 = 3*p - 2*m - 228. What are the prime factors of p?
2, 3, 13
Let j = 6 - 1. Suppose -189 = -j*y - 29. Suppose 0 = o - 4*k - 7, -k + y = o + o. What are the prime factors of o?
3, 5
Suppose s - 277 = -2*b + 128, 0 = 5*s - 4*b - 2025. List the prime factors of (2 + 35/(-25))/(1/s).
3
Let v(p) = -p**3 - p**2 + p + 3. Let q be v(0). Suppose 10 = -4*j + 3*f + 222, -5*j - q*f + 238 = 0. List the prime factors of j.
2, 5
Suppose -24*w + 164114 - 57410 = 0. What are the prime factors of w?
2, 3, 13, 19
Suppose 0 = 18*w - 1866 - 30012. What are the prime factors of w?
7, 11, 23
Let z be -5 + 1 - (-1184)/2. Suppose -604 = -5*i - 3*k - 8, 5*i - k - z = 0. List the prime factors of i.
2, 59
What are the prime factors of (55/30)/11 + (-9130)/(-12)?
761
Let n(k) = 7*k + 7 + 0 - 10 - 3*k. Let m be n(5). Suppose u - 4*w + m = 65, -144 = -3*u + 3*w. What are the prime factors of u?
2, 3
Let l = -90 + 16. Let z = -35 - l. List the prime factors of z.
3, 13
Suppose 2*a + u = 13, -4*u + 3 = 2*a - 5*u. Let t = -28 + 80. Suppose a*l - 2*n = t, -l + 16 - 3 = 4*n. What are the prime factors of l?
13
Suppose -3*x - 2 - 10 = 0. List the prime factors of (0 + -10 + 1)*x.
2, 3
Let s be 1/1*2 + 3. Suppose 0 = h - 0*h + s*d - 43, 131 = 5*h + 4*d. What are the prime factors of h?
23
Let r = -478 - -775. List the prime factors of r.
3, 11
Suppose 4*m = -2*n + 6, 0 = -5*n - m + 11 + 4. Suppose n*o - 5*o + 394 = 0. What are the prime factors of o?
197
Let b(g) = g**3 - 12*g**2 + 14*g - 1. Suppose 3*v = 2*v + 11. What are the prime factors of b(v)?
2
Let z(l) = 24*l**2 - 29*l + 9. List the prime factors of z(5).
2, 29
Let r = 40 + -49. What are the prime factors of 34/153 + (-1051)/r?
3, 13
Let y(z) = 28*z**2 + z**3 - 8*z - 36*z**2 - 3 - 2*z. Let f be y(9). Let h = -9 - f. What are the prime factors of h?
3
Let t be (-74)/(-3)*(-6)/4. Let h be (-1)/(-4) + t/4. Let f = h + 16. What are the prime factors of f?
7
Let l be (27/4)/9 + 51/(-4). List the prime factors of l/((-5)/(-4) - 2).
2
Let b be (-8 + 31)/(-3 + 2). Let y = 9 + b. Let d(k) = k + 20. What are the prime factors of d(y)?
2, 3
List the prime factors of 417/(3 - 15/6).
2, 3, 139
Suppose 17235 = 8*k - 9541. What are the prime factors of k?
3347
Suppose -3*j - 17 = -c, 4*c - 3*j - 17 = 15. What are the prime factors of 58/c*(0 + 5)?
2, 29
Suppose 2*p = -5*c - 0*c + 4213, 0 = -4*p + 16. List the prime factors of c.
29
Suppose 15 = r + 11. Let g(u) = 12*u + 3. List the prime factors of g(r).
3, 17
Let b(n) = -123*n**3 - n**2 - n + 6. What are the prime factors of b(-2)?
2, 13, 19
Suppose 5*u + 3*h - 721 = -0*h, -5*u - 5*h = -715. Let g = 219 - u. List the prime factors of g.
73
Let w(n) = 2*n + 26. Let r be (1 + -1)/((-24)/8). Let z be r/((-2)/1 - -4). What are the prime factors of w(z)?
2, 13
Suppose s + 513 = 3*w, -3*w + 3*s + 151 = -362. List the prime factors of w.
3, 19
Let n(v) = 2*v**2 + 15*v + 6. Let y be (1 - 4) + 4/4. Let t be 80/(-15)*(-3)/y. What are the prime factors of n(t)?
2, 7
Suppose -35*g = -2*g - 14223. What are the prime factors of g?
431
Suppose 2*f - 5 = -3. Let u be (2/(-6))/(f/(-6)). Suppose -k - u*x = -20, 5*k - 3*x - 122 = -2*x. What are the prime factors of k?
2, 3
List the prime factors of (-45)/90 + (-4246)/(-4).
1061
Let y(n) = n**2 + 22*n - 19. Let h be y(-18). Let u = h - -237. What are the prime factors of u?
2, 73
Let o be (-3)/(-5 - -2) - (-218 - 3). Suppose 0 = -5*h + 4*c + 559, 0*h + 2*c + o = 2*h. What are the prime factors of h?
5, 23
What are the prime factors of (-16)/28 + 8752/28?
2, 3, 13
Let n(s) be the second derivative of -s**8/1344 + s**6/720 + s**5/120 - s**4/4 - 7*s. Let z(j) be the third derivative of n(j). List the prime factors of z(-1).
5
Suppose 4*c - 10984 = 5*j, -2757 = 38*c - 39*c + 4*j. List the prime factors of c.
2741
Suppose 14 - 26 = -4*s. Suppose -5*b - 61 = -6*b + 3*u, 4*b = s*u + 235. What are the prime factors of b?
2, 29
What are the prime factors of (-1 + (-38)/10)*(-2125)/50?
2, 3, 17
Let c(n) = n**3 + 13*n**2 + 12*n + 16. Let p be c(-12). Let y = 4 + p. What are the prime factors of y?
2, 5
Suppose -4*f + 2*y = 238, 4*f - 2*y + 58 = 3*f. Let j be 3/(-5) - 5676/f. Suppose -j = -5*l + 26. What are the prime factors of l?
2, 3
Let f(p) = p**3 + 50*p**2 + 68*p + 181. What are the prime factors of f(-48)?
5, 61
Suppose 3*q = 5*q - 234. Suppose -5*a + 2*a = -5*k + q, k - 3*a - 33 = 0. What are the prime factors of k?
3, 7
Let z be 0 - 2*(-1 + -1). Suppose -86 = z*t - 2. Let q = t - -50. List the prime factors of q.
29
What are the prime factors of (10 + -2 - -2) + 1556?
2, 3, 29
Let y = 68 + 57. Suppose -123*o - 386 = -y*o. List the prime factors of o.
193
Let h be (26/(-5))/(-2 - 495/(-250)). Suppose -2*z - h = -7*z. List the prime factors of z.
2, 13
Let g(q) = -4*q**3 - 14*q**2 - 11*q - 4. Let l(m) = -5*m**3 - 15*m**2 - 10*m - 3. Let x(a) = 4*g(a) - 3*l(a). What are the prime factors of x(-10)?
3, 11
Suppose -7*r + 8*r = -43. Let y = r + 46. What are the prime factors of y?
3
Let p = 38 + 42. Let g = 134 - p. What are the prime factors of 6*1/2 + g?
3, 19
Let n = -574 + 302. Let c = n - -116. List the prime factors of c/(-15) + (-6)/15.
2, 5
Suppose -4*u + 9974 = 5*p, 3*u = -4*p + 3*p + 1986. What are the prime factors of p?
2, 3, 37
Let y = -13 + 26. Suppose -y*d + 1738 = -2331. List the prime factors of d.
313
Let w(h) = -3*h - 15. Let x be w(-9). Suppose 0 = -7*q + 4*q + x. What are the prime factors of 138*2/(24/q)?
2, 23
Suppose 4*t - 408 = -6*z + 2*z, 3*z = -t + 298. List the prime factors of (28/z - 3650/(-14)) + 4.
5, 53
Let n(v) = -v**2 + 14*v - 3. Let r be 160/24*3/2. List the prime factors of n(r).
37
Let t(m) = 38*m - 5. Suppose -g - 24 + 27 = 0. List the prime factors of t(g).
109
List the prime factors of -6*(2 - (-54)/(-12)).
3, 5
Suppose -2*k - g = 2*k + 98, 2*k - 2*g = -44. What are the prime factors of 18/k*20/(-3)?
5
Let c = 319 - -313. Suppose -5*u = 4*h - c, 4*u = 2*h - 202 - 114. List the prime factors of h.
2, 79
Let w(j) be the first derivative of 45*j**4/2 + j**3/3 - j**2/2 + 9. Let d be w(1). Let x = d - 47. List the prime factors of x.
43
Suppose 9 = 4*l + x, 0*l - 3*l = -5*x - 24. Let p(i) = -2*i + 2*i**3 + 23 - 7 - 14. What are the prime factors of p(l)?
2, 5
Suppose -8*b = 11*b - 38. Let u = 60 + b. List the prime factors of u.
2, 31
Let f(c) = 4*c**2 + 4*c + 2. Let v be 3/(-5) + 36/10. List the prime factors of f(v).
2, 5
Let k(u) = u**2 + 4*u + 253. What are the prime factors of k(-23)?
2, 3, 5, 23
Let i = -350 - -542. What are the prime factors of i?
2, 3
Suppose -29208 = -31*w + 7*w. List the prime factors of w.
1217
Let z = 16 + -4. Suppose -z = -3*m - m. Suppose 4*i = -m*i + 413. List the prime factors of i.
59
Let m be 3*(-7)/((-63)/(-30)). Let v = m - -51. List the prime factors of v.
41
Let p = -64 - -54. Let y(v) = v**3 - 13 + 0*v**3 - 2*v + 10*v**2 + 1. What are the prime factors of y(p)?
2
Let p be 2/7 + 84/49. Suppose 3 = -j, -p*b + 3*j + 38 = -b. What are the prime factors of b?
29
Let y be 2 + -1 + (-13)/1. Let r = y - -9. Let s(h) = -5*h - 7. List the prime factors of s(r).
2
Suppose 0 = 2*m + 5*k - 35, 2*m - 5*k = -3*m + 35. What are the prime factors of (568/120 - 2/6)*m?
2, 11
Let i(a) = -2*a**2 + 12*a**2 + 11 + 3*a**2 + 13*a*